45 composite?
True
Is 1750620167 a composite number?
False
Is 337925953 composite?
False
Is 2298193327 a prime number?
False
Is 15967253833 a prime number?
True
Is 115271609 a composite number?
True
Is 504553657 a composite number?
False
Is 371270483 a prime number?
True
Is 3592177889 composite?
True
Is 104356862767 composite?
False
Is 10217430341 prime?
True
Is 20734660851 a prime number?
False
Is 5610628097 a composite number?
False
Is 3688917109 composite?
True
Is 3247755209 composite?
False
Is 1506040061 prime?
False
Is 22584942749 a prime number?
True
Is 55595873 prime?
True
Is 437442223 a composite number?
True
Is 19176466139 a prime number?
True
Is 1615086574 composite?
True
Is 2265599395 composite?
True
Is 14926550843 composite?
True
Is 8531224571 a composite number?
False
Is 16215362041 prime?
False
Is 29997590797 composite?
False
Is 33503883163 prime?
False
Is 8837070239 a prime number?
True
Is 150800422679 prime?
True
Is 28137778723 a prime number?
True
Is 10980127 composite?
False
Is 4048375621 prime?
True
Is 443064821 prime?
True
Is 35021379353 composite?
True
Is 4373817169 a prime number?
True
Is 27024726293 a composite number?
False
Is 62969259167 composite?
True
Is 63762828673 composite?
False
Is 437744143 prime?
True
Is 3420380113 prime?
False
Is 4263843685 a prime number?
False
Is 31603079941 composite?
False
Is 18854021333 prime?
False
Is 6203123 prime?
False
Is 39513810669 a prime number?
False
Is 3447157557 a prime number?
False
Is 1549790035 a composite number?
True
Is 26191751171 prime?
False
Is 73339998671 a composite number?
True
Is 1087619609 prime?
True
Is 91224101 prime?
True
Is 6048229237 prime?
True
Is 54667459641 a prime number?
False
Is 37105669 composite?
True
Is 2990054227 a composite number?
False
Is 240875143 composite?
True
Is 192965819 a prime number?
False
Is 3716478569 a prime number?
False
Is 19285529 a composite number?
False
Is 2404158239 composite?
True
Is 5845643641 composite?
True
Is 52576103 composite?
False
Is 22380497 composite?
False
Is 6225718 composite?
True
Is 315573263 composite?
True
Is 20384851 composite?
False
Is 215449753 a prime number?
True
Is 5682171343 a composite number?
False
Is 22896292079 composite?
False
Is 3421137673 a prime number?
False
Is 57872816473 composite?
False
Is 372129743 prime?
False
Is 2517644947 a composite number?
True
Is 1524606371 prime?
True
Is 1311698621 a composite number?
False
Is 7348161217 prime?
True
Is 6411073895 prime?
False
Is 86705093653 prime?
True
Is 1912884517 a composite number?
False
Is 220925777 composite?
False
Is 13289080895 a prime number?
False
Is 6251773249 prime?
False
Is 43549631569 composite?
False
Is 2042153131 a composite number?
False
Is 12061833499 a composite number?
False
Is 47257809667 composite?
True
Is 124599792727 prime?
False
Is 276834143 a prime number?
False
Is 1001438807 a prime number?
True
Is 77333545901 prime?
True
Is 51140203627 a prime number?
False
Is 24974727433 a composite number?
False
Is 2903452969 a prime number?
True
Is 1405766029 a prime number?
True
Is 56212192319 a prime number?
False
Is 13696450799 a prime number?
False
Is 6785877433 composite?
True
Is 1613502227 a composite number?
False
Is 4616374397 a composite number?
False
Is 90607819573 prime?
True
Is 18308235563 a composite number?
False
Is 1784313263 composite?
True
Is 34700641007 prime?
True
Is 77742829033 composite?
True
Is 14744595133 a composite number?
True
Is 2825144459 a prime number?
True
Is 749078687 composite?
True
Is 18138961471 prime?
True
Is 62033620301 prime?
True
Is 39389546083 a prime number?
True
Is 2177442401 a composite number?
True
Is 5423072507 prime?
False
Is 491322331 prime?
False
Is 117844898663 prime?
False
Is 544508743 prime?
False
Is 87490477813 a composite number?
True
Is 70474477441 prime?
True
Is 370200781 a composite number?
True
Is 19274484793 a prime number?
True
Is 313502713 composite?
True
Is 212600543 a composite number?
True
Is 8290201265 a composite number?
True
Is 10601325431 a composite number?
True
Is 878721439 composite?
True
Is 1024945549 a composite number?
True
Is 3328371029 a composite number?
True
Is 19576602763 composite?
False
Is 17649811321 prime?
True
Is 14868312181 a composite number?
True
Is 1552604731 a prime number?
True
Is 4628370289 prime?
True
Is 17075025269 prime?
False
Is 2292285983 composite?
True
Is 17275502077 composite?
False
Is 7644903191 prime?
True
Is 401230369 a composite number?
False
Is 3833464937 a prime number?
True
Is 83327222449 composite?
True
Is 6812339 composite?
False
Is 3798417511 composite?
True
Is 2200346389 composite?
True
Is 1047148451 a prime number?
True
Is 57227546059 prime?
True
Is 6715055929 composite?
False
Is 370007041 prime?
False
Is 255500213 prime?
True
Is 20541063139 prime?
False
Is 4105774213 composite?
True
Is 9205282957 a prime number?
False
Is 2649392705 a prime number?
False
Is 32195412461 a composite number?
False
Is 287193679 a prime number?
True
Is 823037867 composite?
False
Is 21838699867 a prime number?
True
Is 31275421 composite?
False
Is 107236179647 prime?
True
Is 14163762761 composite?
False
Is 54471517819 a prime number?
False
Is 38841857737 composite?
True
Is 25549349791 a prime number?
False
Is 36571693 composite?
False
Is 191716201 a prime number?
False
Is 125362363 composite?
True
Is 9448921423 composite?
True
Is 4325426242 a prime number?
False
Is 89879100743 composite?
True
Is 14285441201 composite?
False
Is 142863151 composite?
False
Is 285936983 a composite number?
False
Is 22432541639 a composite number?
True
Is 212960089799 prime?
True
Is 18295618399 a prime number?
False
Is 19234690487 composite?
False
Is 4311746749 a composite number?
False
Is 5295474281 composite?
True
Is 36344249987 a composite number?
False
Is 16623219115 a prime number?
False
Is 3179362579 composite?
False
Is 19972245653 a prime number?
True
Is 1874731853 a prime number?
True
Is 809684761 composite?
True
Is 948297313 a composite number?
True
Is 1320010583 a prime number?
True
Is 92966479 composite?
True
Is 17852631521 composite?
False
Is 3951616003 a prime number?
False
Is 35278747853 composite?
False
Is 4047773009 composite?
True
Is 9902064391 a composite number?
True
Is 61376880238 composite?
True
Is 372830633 composite?
True
Is 38919678862 prime?
False
Is 1109581961 a composite number?
False
Is 2908215511 prime?
True
Is 47537961 composite?
True
Is 5537518483 composite?
True
Is 14582103743 composite?
False
Is 1058338517 prime?
True
Is 56138987 prime?
True
Is 592729183 prime?
False
Is 2418430661 a prime number?
True
Is 68869599053 composite?
False
Is 845809703 composite?
False
Is 145392665933 a prime number?
True
Is 948790127 prime?
True
Is 17391714577 a composite number?
True
Is 21365842217 a prime number?
True
Is 2409552023 a composite number?
False
Is 150672077 a prime number?
False
Is 124395149 a composite number?
False
Is 3485835181 a composite number?
False
Is 3613009409 composite?
False
Is 1881917299 prime?
False
Is 17044134347 prime?
False
Is 1273728151 a composite number?
True
Is 2436428569 a composite number?
True
Is 719894653 a prime number?
False
Is 570692669 composite?
True
Is 89036632294 a composite number?
True
Is 6432376459 prime?
True
Is 1618818137 a prime number?
True
Is 33074864159 a prime number?
True
Is 258105851 a prime number?
True
Is 2746980427 prime?
False
Is 6432214811 a prime number?
False
Is 1214003867 a composite number?
True
Is 42760168543 a prime number?
True
Is 6591441877 prime?
True
Is 407201137 a prime number?
False
Is 74431017583 composite?
True
Is 1088298119 a prime number?
True
Is 133919776801 composite?
False
Is 37006660841 a composite number?
True
Is 13011311 a prime number?
True
Is 1059664297 composite?
False
Is 3338340933 composite?
True
Is 12027898877 a prime number?
True
Is 20069103611 a composite number?
True
Is 1237430531 prime?
True
Is 43423491479 a composite number?
True
Is 130709741 a prime number?
True
Is 3360762191 a prime number?
False
Is 5134311709 composite?
True
Is 9444972781 a composite number?
True
Is 3203273429 a prime number?
True
Is 2934740027 prime?
True
Is 5761956517 composite?
True
Is 86294069 a composite number?
True
Is 7502576791 composite?
False
Is 2630591291 a composite number?
True
Is 17